{"id":845,"date":"2018-07-30T09:39:35","date_gmt":"2018-07-30T07:39:35","guid":{"rendered":"https:\/\/www.capson.fr\/?post_type=product&#038;p=845"},"modified":"2018-07-30T09:41:06","modified_gmt":"2018-07-30T07:41:06","slug":"dn-500-bd-mkii","status":"publish","type":"product","link":"https:\/\/www.capson.fr\/?product=dn-500-bd-mkii","title":{"rendered":"DN 500 BD MKII"},"content":{"rendered":"<p><span class=\"fontstyle0\">Le DN-500BD MKII est un lecteur Blu-Ray haute performance compact, au format rack 1u, qui g\u00e8re la plupart des formats de fichiers audio et vid\u00e9o populaires. Pour plus de polyvalence, le DN-500BD MKII offre en fa\u00e7ade, un port USB et un slot SD\/SDHC pour la lecture de vos fichiers vid\u00e9o, image et audio aux formats AVI, MOV, MP4, MP3, WAV, FLAC, GIF, JPEG, PNG&#8230;<\/span><\/p>\n","protected":false},"excerpt":{"rendered":"<p>Le DN-500BD MKII est un lecteur Blu-Ray haute performance compact, au format rack 1u, qui g\u00e8re la plupart des formats de fichiers audio et vid\u00e9o populaires. Pour plus de polyvalence, le DN-500BD MKII offre en fa\u00e7ade, un port USB et un slot SD\/SDHC pour la lecture de vos fichiers vid\u00e9o, image et audio aux formats [&hellip;]<\/p>\n","protected":false},"featured_media":847,"template":"","meta":{"ngg_post_thumbnail":0},"product_cat":[21,49],"product_tag":[],"_links":{"self":[{"href":"https:\/\/www.capson.fr\/index.php?rest_route=\/wp\/v2\/product\/845"}],"collection":[{"href":"https:\/\/www.capson.fr\/index.php?rest_route=\/wp\/v2\/product"}],"about":[{"href":"https:\/\/www.capson.fr\/index.php?rest_route=\/wp\/v2\/types\/product"}],"version-history":[{"count":1,"href":"https:\/\/www.capson.fr\/index.php?rest_route=\/wp\/v2\/product\/845\/revisions"}],"predecessor-version":[{"id":848,"href":"https:\/\/www.capson.fr\/index.php?rest_route=\/wp\/v2\/product\/845\/revisions\/848"}],"wp:featuredmedia":[{"embeddable":true,"href":"https:\/\/www.capson.fr\/index.php?rest_route=\/wp\/v2\/media\/847"}],"wp:attachment":[{"href":"https:\/\/www.capson.fr\/index.php?rest_route=%2Fwp%2Fv2%2Fmedia&parent=845"}],"wp:term":[{"taxonomy":"product_cat","embeddable":true,"href":"https:\/\/www.capson.fr\/index.php?rest_route=%2Fwp%2Fv2%2Fproduct_cat&post=845"},{"taxonomy":"product_tag","embeddable":true,"href":"https:\/\/www.capson.fr\/index.php?rest_route=%2Fwp%2Fv2%2Fproduct_tag&post=845"}],"curies":[{"name":"wp","href":"https:\/\/api.w.org\/{rel}","templated":true}]}}