{"id":766,"date":"2018-03-21T10:39:57","date_gmt":"2018-03-21T09:39:57","guid":{"rendered":"https:\/\/www.capson.fr\/?post_type=product&#038;p=766"},"modified":"2018-03-21T10:57:44","modified_gmt":"2018-03-21T09:57:44","slug":"yamaha-cd-s300","status":"publish","type":"product","link":"https:\/\/www.capson.fr\/?product=yamaha-cd-s300","title":{"rendered":"YAMAHA CD-S300"},"content":{"rendered":"<p>Haute qualit\u00e9 audio, fonctions sp\u00e9ciales comme auto-pause, Pure Direct, Intelligent Digital Servo, compatibilit\u00e9s iPod et USB, lit les formats MP3\/WMA.<\/p>\n<ul>\n<li>Circuit extr\u00eamement sophistiqu\u00e9 avec une disposition a\u00e9r\u00e9e<\/li>\n<li>Acheminement direct des signaux<\/li>\n<li>Pi\u00e8ces de tr\u00e8s grande qualit\u00e9<\/li>\n<li>CNA performant pour des conversions pr\u00e9cises avec peu de bruit<\/li>\n<li>Servocommande num\u00e9rique intelligente \u2022 \u00ab Pure Direct \u00bb<\/li>\n<li>Mode \u00ab\u00a0\u00a0\u00bbPure Direct\u00a0\u00bb\u00a0\u00bb<\/li>\n<li>Compatibilit\u00e9 MP3 et WMA<\/li>\n<li>Port USB en face avant : compatible iPod et clefs USB.<\/li>\n<li>Compatible iPod, gr\u00e2ce au c\u00e2ble d&rsquo;origine Apple<\/li>\n<\/ul>\n<p><b>Mesures<\/b><\/p>\n<p>R\u00e9ponse en fr\u00e9quence CD : 2 Hz &#8211; 20 kHz<br \/>\nDistorsion harmonique totale : 0,003 %<br \/>\nRapport signal sur bruit : 105 db<br \/>\nPlage dynamique : 96 dB (CD)<\/p>\n<p><b>Connectique<\/b><\/p>\n<p>C\u00e2ble d&rsquo;alimentation d\u00e9tachable<br \/>\nT\u00e9l\u00e9commande aluminium<br \/>\n1 sortie analogique RCA<br \/>\n1 sortie num\u00e9rique optique<br \/>\n1 sortie coaxiale num\u00e9rique<\/p>\n<p><b>G\u00e9n\u00e9ralit\u00e9s<\/b><\/p>\n<p>Dimensions (L x H x P) : 435 x 86 x 260 mm<br \/>\nPoids : 3,5 kg<\/p>\n","protected":false},"excerpt":{"rendered":"<p>Lecteur de CD, compatible CD-R\/RW<br \/>\nCompatible MP3 et WMA<br \/>\nEntr\u00e9e USB en fa\u00e7ade compatible iPod avec le c\u00e2ble d&rsquo;origine Apple et baladeurs MP3<br \/>\nCompatible CD Text permettant de visualiser plusieurs informations sur l&rsquo;afficheur en fa\u00e7ade (titre, artiste, album)<br \/>\nFonction Pure Direct activable en fa\u00e7ade ou directement<br \/>\nsur la t\u00e9l\u00e9commande(le circuit num\u00e9rique et l&rsquo;afficheur sont coup\u00e9s)<br \/>\nFonctions lecture (single\/full) et al\u00e9atorie (Random play)<\/p>\n","protected":false},"featured_media":767,"template":"","meta":{"ngg_post_thumbnail":0},"product_cat":[21,17],"product_tag":[],"_links":{"self":[{"href":"https:\/\/www.capson.fr\/index.php?rest_route=\/wp\/v2\/product\/766"}],"collection":[{"href":"https:\/\/www.capson.fr\/index.php?rest_route=\/wp\/v2\/product"}],"about":[{"href":"https:\/\/www.capson.fr\/index.php?rest_route=\/wp\/v2\/types\/product"}],"version-history":[{"count":3,"href":"https:\/\/www.capson.fr\/index.php?rest_route=\/wp\/v2\/product\/766\/revisions"}],"predecessor-version":[{"id":772,"href":"https:\/\/www.capson.fr\/index.php?rest_route=\/wp\/v2\/product\/766\/revisions\/772"}],"wp:featuredmedia":[{"embeddable":true,"href":"https:\/\/www.capson.fr\/index.php?rest_route=\/wp\/v2\/media\/767"}],"wp:attachment":[{"href":"https:\/\/www.capson.fr\/index.php?rest_route=%2Fwp%2Fv2%2Fmedia&parent=766"}],"wp:term":[{"taxonomy":"product_cat","embeddable":true,"href":"https:\/\/www.capson.fr\/index.php?rest_route=%2Fwp%2Fv2%2Fproduct_cat&post=766"},{"taxonomy":"product_tag","embeddable":true,"href":"https:\/\/www.capson.fr\/index.php?rest_route=%2Fwp%2Fv2%2Fproduct_tag&post=766"}],"curies":[{"name":"wp","href":"https:\/\/api.w.org\/{rel}","templated":true}]}}