{"id":746,"date":"2018-03-20T14:59:23","date_gmt":"2018-03-20T13:59:23","guid":{"rendered":"https:\/\/www.capson.fr\/?post_type=product&#038;p=746"},"modified":"2018-03-20T14:59:23","modified_gmt":"2018-03-20T13:59:23","slug":"screenup-first-manual-50002","status":"publish","type":"product","link":"https:\/\/www.capson.fr\/?product=screenup-first-manual-50002","title":{"rendered":"SCREEN&rsquo;UP FIRST MANUAL 50002"},"content":{"rendered":"<p><b>\u00c9cran First Manual<\/b>&nbsp;<\/p>\n<p>L&rsquo;\u00e9cran First Manual est aussi bien adapt\u00e9 \u00e0 une utilisation&nbsp;<br \/>\nHome Cin\u00e9ma qu&rsquo;aux usages professionnels.&nbsp;<\/p>\n<p>\u2022 4:3&nbsp;<br \/>\n\u2022 Surface visible : 203 x 152 cm&nbsp;<br \/>\n\u2022 Poids : 10,5 kg&nbsp;<br \/>\n\u2022 Longueur du carter : 225 cm&nbsp;<br \/>\n\u2022 Gain : 1.0&nbsp;<br \/>\n\u2022 Angle de vision : 160\u00b0<\/p>\n","protected":false},"excerpt":{"rendered":"<p>L&rsquo;\u00e9cran First Manual est aussi bien adapt\u00e9 \u00e0 une utilisation&nbsp;<br \/>\nHome Cin\u00e9ma qu&rsquo;aux usages professionnels.&nbsp;<\/p>\n","protected":false},"featured_media":747,"template":"","meta":{"ngg_post_thumbnail":0},"product_cat":[26,27],"product_tag":[],"_links":{"self":[{"href":"https:\/\/www.capson.fr\/index.php?rest_route=\/wp\/v2\/product\/746"}],"collection":[{"href":"https:\/\/www.capson.fr\/index.php?rest_route=\/wp\/v2\/product"}],"about":[{"href":"https:\/\/www.capson.fr\/index.php?rest_route=\/wp\/v2\/types\/product"}],"version-history":[{"count":1,"href":"https:\/\/www.capson.fr\/index.php?rest_route=\/wp\/v2\/product\/746\/revisions"}],"predecessor-version":[{"id":748,"href":"https:\/\/www.capson.fr\/index.php?rest_route=\/wp\/v2\/product\/746\/revisions\/748"}],"wp:featuredmedia":[{"embeddable":true,"href":"https:\/\/www.capson.fr\/index.php?rest_route=\/wp\/v2\/media\/747"}],"wp:attachment":[{"href":"https:\/\/www.capson.fr\/index.php?rest_route=%2Fwp%2Fv2%2Fmedia&parent=746"}],"wp:term":[{"taxonomy":"product_cat","embeddable":true,"href":"https:\/\/www.capson.fr\/index.php?rest_route=%2Fwp%2Fv2%2Fproduct_cat&post=746"},{"taxonomy":"product_tag","embeddable":true,"href":"https:\/\/www.capson.fr\/index.php?rest_route=%2Fwp%2Fv2%2Fproduct_tag&post=746"}],"curies":[{"name":"wp","href":"https:\/\/api.w.org\/{rel}","templated":true}]}}