{"id":736,"date":"2018-03-20T09:06:42","date_gmt":"2018-03-20T08:06:42","guid":{"rendered":"https:\/\/www.capson.fr\/?post_type=product&#038;p=736"},"modified":"2018-03-20T14:12:50","modified_gmt":"2018-03-20T13:12:50","slug":"ppc-1540","status":"publish","type":"product","link":"https:\/\/www.capson.fr\/?product=ppc-1540","title":{"rendered":"SUPPORT DE PROJECTEUR PPC 1540"},"content":{"rendered":"<p>Le PPC 1540 est un support de projecteur r\u00e9glable en hauteur con\u00e7u sp\u00e9cialement pour la derni\u00e8re g\u00e9n\u00e9ration de projecteurs pesant jusqu&rsquo;\u00e0 15 kg. Cette interface de projecteur est \u00e9quip\u00e9e d&rsquo;un dispositif de r\u00e9glage permettant un alignement pr\u00e9cis avec la surface de projection. Le projecteur reste en position une fois align\u00e9. En tournant la bague de friction unique, vous pouvez \u00e9liminer tout le jeu des raccords d&rsquo;interface et faire du support une solution solide et tr\u00e8s stable.<\/p>\n<p>Vous pouvez utiliser les kits de montage de projecteur r\u00e9glables en hauteur si vous ne connaissez pas la hauteur du plafond ou recherchez une solution flexible. Ces supports sont disponibles en 3 longueurs offrant un r\u00e9glage en hauteur variable de 400 \u00e0 1350 mm. Le CIS\u00ae Cable Inlay System est install\u00e9 sur toute la longueur du montant et permet m\u00eame la mise en place des c\u00e2bles apr\u00e8s l&rsquo;installation. Le CIS\u00ae offre suffisamment d&rsquo;espace pour tous les c\u00e2bles exig\u00e9s et vous permet de masquer tous les c\u00e2bles en quelques secondes \u00e0 peine.<\/p>\n<p>&nbsp;<\/p>\n","protected":false},"excerpt":{"rendered":"<p>Le PPC 1540 est un support de projecteur r\u00e9glable en hauteur con\u00e7u sp\u00e9cialement pour la derni\u00e8re g\u00e9n\u00e9ration de projecteurs pesant jusqu&rsquo;\u00e0 15 k<\/p>\n<ul>\n<li>C\u00e2bles enti\u00e8rement dissimul\u00e9s<\/li>\n<li>Ajustement fin au moment de l&rsquo;installation<\/li>\n<li>Protection antivol<\/li>\n<li>Certifi\u00e9 T\u00dcV<\/li>\n<\/ul>\n","protected":false},"featured_media":737,"template":"","meta":{"ngg_post_thumbnail":0},"product_cat":[30],"product_tag":[],"_links":{"self":[{"href":"https:\/\/www.capson.fr\/index.php?rest_route=\/wp\/v2\/product\/736"}],"collection":[{"href":"https:\/\/www.capson.fr\/index.php?rest_route=\/wp\/v2\/product"}],"about":[{"href":"https:\/\/www.capson.fr\/index.php?rest_route=\/wp\/v2\/types\/product"}],"version-history":[{"count":2,"href":"https:\/\/www.capson.fr\/index.php?rest_route=\/wp\/v2\/product\/736\/revisions"}],"predecessor-version":[{"id":745,"href":"https:\/\/www.capson.fr\/index.php?rest_route=\/wp\/v2\/product\/736\/revisions\/745"}],"wp:featuredmedia":[{"embeddable":true,"href":"https:\/\/www.capson.fr\/index.php?rest_route=\/wp\/v2\/media\/737"}],"wp:attachment":[{"href":"https:\/\/www.capson.fr\/index.php?rest_route=%2Fwp%2Fv2%2Fmedia&parent=736"}],"wp:term":[{"taxonomy":"product_cat","embeddable":true,"href":"https:\/\/www.capson.fr\/index.php?rest_route=%2Fwp%2Fv2%2Fproduct_cat&post=736"},{"taxonomy":"product_tag","embeddable":true,"href":"https:\/\/www.capson.fr\/index.php?rest_route=%2Fwp%2Fv2%2Fproduct_tag&post=736"}],"curies":[{"name":"wp","href":"https:\/\/api.w.org\/{rel}","templated":true}]}}