{"id":708,"date":"2018-03-19T14:59:00","date_gmt":"2018-03-19T13:59:00","guid":{"rendered":"https:\/\/www.capson.fr\/?post_type=product&#038;p=708"},"modified":"2018-03-19T14:59:00","modified_gmt":"2018-03-19T13:59:00","slug":"p554w","status":"publish","type":"product","link":"https:\/\/www.capson.fr\/?product=p554w","title":{"rendered":"P554W"},"content":{"rendered":"<p>Le NEC P554W offre \u00e0 vos espaces de r\u00e9union et de formation une luminosit\u00e9 atteignant 5&nbsp;500 lumens ANSI. Profitez d&rsquo;une exploitation sereine pendant plus de cinq ans* gr\u00e2ce \u00e0 la maintenance minime, au cycle de vie prolong\u00e9 de l&rsquo;ampoule et \u00e0 la protection antipoussi\u00e8re brevet\u00e9e NEC du panneau LCD. Le NEC P554W remplace \u00e0 la perfection les mod\u00e8les pr\u00e9c\u00e9dents en offrant des options de montage \u00e0 l&rsquo;identique et une ample plage de zoom qui facilite l&rsquo;ajustement de la projection sur l&rsquo;\u00e9cran existant. La technologie LCD procure des couleurs naturelles affichant un contraste \u00e9lev\u00e9 alors que l&rsquo;amplitude de pivotement horizontal et vertical de l&rsquo;objectif flexibilise incroyablement l&rsquo;installation. Gr\u00e2ce \u00e0 sa consommation minime en \u00e9nergie, le NEC P554W r\u00e9duit les co\u00fbts totaux de possession (CTP) et vous aide \u00e0 minimiser votre empreinte carbone.<\/p>\n<p>Pour des r\u00e9unions et pr\u00e9sentations encore plus efficientes et collaboratives, ajoutez l&rsquo;option NEC MultiPresenter afin de partager le contenu avec 16 dispositifs ! Aucune source d&rsquo;alimentation additionnelle n&rsquo;est n\u00e9cessaire : la cl\u00e9 est aliment\u00e9e via la fente USB.<\/p>\n","protected":false},"excerpt":{"rendered":"<p>Profitez d&rsquo;une exploitation sereine pendant des ann\u00e9es gr\u00e2ce \u00e0 la maintenance minime, au cycle de vie prolong\u00e9 de l&rsquo;ampoule et \u00e0 la protection anti-poussi\u00e8re brevet\u00e9e NEC du panneau LCD. Le NEC P554W remplace \u00e0 la perfection les mod\u00e8les pr\u00e9c\u00e9dents en offrant des options de montage \u00e0 l&rsquo;identique et une ample plage de zoom qui facilite l&rsquo;ajustement de la projection sur l&rsquo;\u00e9cran existant.<\/p>\n","protected":false},"featured_media":712,"template":"","meta":{"ngg_post_thumbnail":0},"product_cat":[25],"product_tag":[],"_links":{"self":[{"href":"https:\/\/www.capson.fr\/index.php?rest_route=\/wp\/v2\/product\/708"}],"collection":[{"href":"https:\/\/www.capson.fr\/index.php?rest_route=\/wp\/v2\/product"}],"about":[{"href":"https:\/\/www.capson.fr\/index.php?rest_route=\/wp\/v2\/types\/product"}],"version-history":[{"count":1,"href":"https:\/\/www.capson.fr\/index.php?rest_route=\/wp\/v2\/product\/708\/revisions"}],"predecessor-version":[{"id":714,"href":"https:\/\/www.capson.fr\/index.php?rest_route=\/wp\/v2\/product\/708\/revisions\/714"}],"wp:featuredmedia":[{"embeddable":true,"href":"https:\/\/www.capson.fr\/index.php?rest_route=\/wp\/v2\/media\/712"}],"wp:attachment":[{"href":"https:\/\/www.capson.fr\/index.php?rest_route=%2Fwp%2Fv2%2Fmedia&parent=708"}],"wp:term":[{"taxonomy":"product_cat","embeddable":true,"href":"https:\/\/www.capson.fr\/index.php?rest_route=%2Fwp%2Fv2%2Fproduct_cat&post=708"},{"taxonomy":"product_tag","embeddable":true,"href":"https:\/\/www.capson.fr\/index.php?rest_route=%2Fwp%2Fv2%2Fproduct_tag&post=708"}],"curies":[{"name":"wp","href":"https:\/\/api.w.org\/{rel}","templated":true}]}}