{"id":689,"date":"2018-03-19T14:28:45","date_gmt":"2018-03-19T13:28:45","guid":{"rendered":"https:\/\/www.capson.fr\/?post_type=product&#038;p=689"},"modified":"2018-03-19T14:42:00","modified_gmt":"2018-03-19T13:42:00","slug":"me331w","status":"publish","type":"product","link":"https:\/\/www.capson.fr\/?product=me331w","title":{"rendered":"ME331W"},"content":{"rendered":"<p>En plus de garantir un support id\u00e9al pour des cours et des pr\u00e9sentations r\u00e9ussis, le vid\u00e9oprojecteur compact polyvalent ME331W offre des images saisissantes et des couleurs naturelles dans vos salles de classe ou de r\u00e9union gr\u00e2ce \u00e0 la technologie LCD et \u00e0 une luminosit\u00e9 de 3&nbsp;300&nbsp;ANSI lumens. Une connectique compl\u00e8te et une option Wi-Fi permet de b\u00e9n\u00e9ficier d&rsquo;une extr\u00eame flexibilit\u00e9 et d&rsquo;un fonctionnement rapide. La fonction MultiPresenter pr\u00e9-install\u00e9e permet d&rsquo;effectuer des pr\u00e9sentations sans fil simultan\u00e9es et de les partager sur plusieurs appareils (jusqu&rsquo;\u00e0 16) en s\u00e9lectionnant le Wi-Fi en option. La dur\u00e9e de vie \u00e9tendue de la lampe et du filtre permet de r\u00e9duire la dur\u00e9e et le co\u00fbt de la maintenance et de garantir un fonctionnement sans probl\u00e8me pendant 5 ans.<\/p>\n<p>&nbsp;<\/p>\n","protected":false},"excerpt":{"rendered":"<p>le vid\u00e9oprojecteur compact polyvalent ME331W offre des images saisissantes et des couleurs naturelles dans vos salles de classe ou de r\u00e9union gr\u00e2ce \u00e0 la technologie LCD et \u00e0 une luminosit\u00e9 de 3&nbsp;300&nbsp;ANSI lumens.<\/p>\n","protected":false},"featured_media":703,"template":"","meta":{"ngg_post_thumbnail":0},"product_cat":[25],"product_tag":[],"_links":{"self":[{"href":"https:\/\/www.capson.fr\/index.php?rest_route=\/wp\/v2\/product\/689"}],"collection":[{"href":"https:\/\/www.capson.fr\/index.php?rest_route=\/wp\/v2\/product"}],"about":[{"href":"https:\/\/www.capson.fr\/index.php?rest_route=\/wp\/v2\/types\/product"}],"version-history":[{"count":2,"href":"https:\/\/www.capson.fr\/index.php?rest_route=\/wp\/v2\/product\/689\/revisions"}],"predecessor-version":[{"id":707,"href":"https:\/\/www.capson.fr\/index.php?rest_route=\/wp\/v2\/product\/689\/revisions\/707"}],"wp:featuredmedia":[{"embeddable":true,"href":"https:\/\/www.capson.fr\/index.php?rest_route=\/wp\/v2\/media\/703"}],"wp:attachment":[{"href":"https:\/\/www.capson.fr\/index.php?rest_route=%2Fwp%2Fv2%2Fmedia&parent=689"}],"wp:term":[{"taxonomy":"product_cat","embeddable":true,"href":"https:\/\/www.capson.fr\/index.php?rest_route=%2Fwp%2Fv2%2Fproduct_cat&post=689"},{"taxonomy":"product_tag","embeddable":true,"href":"https:\/\/www.capson.fr\/index.php?rest_route=%2Fwp%2Fv2%2Fproduct_tag&post=689"}],"curies":[{"name":"wp","href":"https:\/\/api.w.org\/{rel}","templated":true}]}}