{"id":683,"date":"2018-03-19T09:19:45","date_gmt":"2018-03-19T08:19:45","guid":{"rendered":"https:\/\/www.capson.fr\/?post_type=product&#038;p=683"},"modified":"2018-03-19T09:19:45","modified_gmt":"2018-03-19T08:19:45","slug":"esasbt","status":"publish","type":"product","link":"https:\/\/www.capson.fr\/?product=esasbt","title":{"rendered":"ESASBT"},"content":{"rendered":"<p><span class=\"fontstyle0\">L\u2019<\/span><span class=\"fontstyle1\">eSaS-Bt <\/span><span class=\"fontstyle0\">est une source audio st\u00e9r\u00e9o avec tuner FM, port USB, lecteur de carte SD et connexion<br \/>\nBluetooth. Elle dispose de sorties audio st\u00e9r\u00e9o asym\u00e9triques et sym\u00e9triques, et d\u2019une sortie casque (jack)<br \/>\navec commande de volume en face avant. T\u00e9l\u00e9commande \u00e0 infrarouges, antenne FM, 2 c\u00e2bles RCA et<br \/>\nsupport de montage en rack inclus.<\/span><\/p>\n","protected":false},"excerpt":{"rendered":"<p><span class=\"fontstyle0\">L\u2019<\/span><span class=\"fontstyle1\">eSaS-Bt <\/span><span class=\"fontstyle0\">est une source audio st\u00e9r\u00e9o avec tuner FM, port USB, lecteur de carte SD et connexion<br \/>\nBluetooth. <\/span>&nbsp;<\/p>\n","protected":false},"featured_media":685,"template":"","meta":{"ngg_post_thumbnail":0},"product_cat":[21],"product_tag":[],"_links":{"self":[{"href":"https:\/\/www.capson.fr\/index.php?rest_route=\/wp\/v2\/product\/683"}],"collection":[{"href":"https:\/\/www.capson.fr\/index.php?rest_route=\/wp\/v2\/product"}],"about":[{"href":"https:\/\/www.capson.fr\/index.php?rest_route=\/wp\/v2\/types\/product"}],"version-history":[{"count":1,"href":"https:\/\/www.capson.fr\/index.php?rest_route=\/wp\/v2\/product\/683\/revisions"}],"predecessor-version":[{"id":686,"href":"https:\/\/www.capson.fr\/index.php?rest_route=\/wp\/v2\/product\/683\/revisions\/686"}],"wp:featuredmedia":[{"embeddable":true,"href":"https:\/\/www.capson.fr\/index.php?rest_route=\/wp\/v2\/media\/685"}],"wp:attachment":[{"href":"https:\/\/www.capson.fr\/index.php?rest_route=%2Fwp%2Fv2%2Fmedia&parent=683"}],"wp:term":[{"taxonomy":"product_cat","embeddable":true,"href":"https:\/\/www.capson.fr\/index.php?rest_route=%2Fwp%2Fv2%2Fproduct_cat&post=683"},{"taxonomy":"product_tag","embeddable":true,"href":"https:\/\/www.capson.fr\/index.php?rest_route=%2Fwp%2Fv2%2Fproduct_tag&post=683"}],"curies":[{"name":"wp","href":"https:\/\/api.w.org\/{rel}","templated":true}]}}