{"id":647,"date":"2018-03-14T10:36:02","date_gmt":"2018-03-14T09:36:02","guid":{"rendered":"https:\/\/www.capson.fr\/?post_type=product&#038;p=647"},"modified":"2018-03-14T10:36:02","modified_gmt":"2018-03-14T09:36:02","slug":"terraio","status":"publish","type":"product","link":"https:\/\/www.capson.fr\/?product=terraio","title":{"rendered":"TERRAIO"},"content":{"rendered":"<p>Le&nbsp;<strong>TERRA-8IO&nbsp;<\/strong>est un boitier dot\u00e9 de 8 entr\u00e9es contact surveill\u00e9es et de 8 sorties relais, id\u00e9ales &nbsp;pour les applications d\u2019automation de sites industriels ou pour la surveillance des fermetures contacts. Le boitier convient \u00e9galement pour les applications n\u00e9cessitant de nombreuses entr\u00e9es \/ sorties analogiques.<\/p>\n<p>&nbsp;<\/p>\n","protected":false},"excerpt":{"rendered":"<p>Le&nbsp;<strong>TERRA-8IO&nbsp;<\/strong>est un boitier dot\u00e9 de 8 entr\u00e9es contact surveill\u00e9es et de 8 sorties relais, id\u00e9ales &nbsp;pour les applications d\u2019automation de sites industriels ou pour la surveillance des fermetures contacts. Le boitier convient \u00e9galement pour les applications n\u00e9cessitant de nombreuses entr\u00e9es \/ sorties analogiques.<\/p>\n","protected":false},"featured_media":649,"template":"","meta":{"ngg_post_thumbnail":0},"product_cat":[47],"product_tag":[],"_links":{"self":[{"href":"https:\/\/www.capson.fr\/index.php?rest_route=\/wp\/v2\/product\/647"}],"collection":[{"href":"https:\/\/www.capson.fr\/index.php?rest_route=\/wp\/v2\/product"}],"about":[{"href":"https:\/\/www.capson.fr\/index.php?rest_route=\/wp\/v2\/types\/product"}],"version-history":[{"count":1,"href":"https:\/\/www.capson.fr\/index.php?rest_route=\/wp\/v2\/product\/647\/revisions"}],"predecessor-version":[{"id":650,"href":"https:\/\/www.capson.fr\/index.php?rest_route=\/wp\/v2\/product\/647\/revisions\/650"}],"wp:featuredmedia":[{"embeddable":true,"href":"https:\/\/www.capson.fr\/index.php?rest_route=\/wp\/v2\/media\/649"}],"wp:attachment":[{"href":"https:\/\/www.capson.fr\/index.php?rest_route=%2Fwp%2Fv2%2Fmedia&parent=647"}],"wp:term":[{"taxonomy":"product_cat","embeddable":true,"href":"https:\/\/www.capson.fr\/index.php?rest_route=%2Fwp%2Fv2%2Fproduct_cat&post=647"},{"taxonomy":"product_tag","embeddable":true,"href":"https:\/\/www.capson.fr\/index.php?rest_route=%2Fwp%2Fv2%2Fproduct_tag&post=647"}],"curies":[{"name":"wp","href":"https:\/\/api.w.org\/{rel}","templated":true}]}}