{"id":643,"date":"2018-03-14T10:34:03","date_gmt":"2018-03-14T09:34:03","guid":{"rendered":"https:\/\/www.capson.fr\/?post_type=product&#038;p=643"},"modified":"2018-03-14T10:34:03","modified_gmt":"2018-03-14T09:34:03","slug":"terraamp","status":"publish","type":"product","link":"https:\/\/www.capson.fr\/?product=terraamp","title":{"rendered":"TERRAAMP"},"content":{"rendered":"<p><strong>TERRA-AMP<\/strong>&nbsp;est un terminal IP dot\u00e9 de deux entr\u00e9es ind\u00e9pendantes et de deux sorties ind\u00e9pendantes de 15 Watt. Cet amplificateur IP&nbsp;pour enceintes 8 Ohms permet de r\u00e9duire les co\u00fbts et l&rsquo;encombrement. Il est la solution id\u00e9ale pour la sonorisation de lieux publics avec source locale.<\/p>\n<div>\u2022 1 entr\u00e9e mic\/ligne sym\u00e9trique<\/div>\n<div>\u2022 2 sorties lignes sym\u00e9triques ind\u00e9pendantes<\/div>\n<div>\u2022 2 x 15 W (8 \u03a9) sorties ind\u00e9pendantes<\/div>\n<div>\u2022 Entr\u00e9es audio: niveau maximum + 5 dB, bande passante 20 Hz &#8211; 20 kHz<\/div>\n<div>\u2022 Sorties audio: niveau maximum + 5 dB, bande passante 20 Hz &#8211; 20 kHz<\/div>\n<div>\u2022 Interface r\u00e9seau incluant POE<\/div>\n<div>\u2022 Alimentation : 24 VDC (si POE non disponible)<\/div>\n<div>\u2022 Encodage\/d\u00e9codage G.711, G.722 ou MP3<\/div>\n<div>\u2022 1 port USB pour cl\u00e9 m\u00e9moire USB<\/div>\n<div>\u2022 LED : Power &amp; Status<\/div>\n<div>\u2022 3 entr\u00e9es contact<\/div>\n<div>\u2022 2 sorties relais<\/div>\n<div>\u2022 1 RS232<\/div>\n","protected":false},"excerpt":{"rendered":"<p><strong>TERRA-AMP<\/strong>&nbsp;est un terminal IP dot\u00e9 de deux entr\u00e9es ind\u00e9pendantes et de deux sorties ind\u00e9pendantes de 15 Watt. Cet amplificateur IP&nbsp;pour enceintes 8 Ohms permet de r\u00e9duire les co\u00fbts et l&rsquo;encombrement. Il est la solution id\u00e9ale pour la sonorisation de lieux publics avec source locale.<\/p>\n","protected":false},"featured_media":645,"template":"","meta":{"ngg_post_thumbnail":0},"product_cat":[47],"product_tag":[],"_links":{"self":[{"href":"https:\/\/www.capson.fr\/index.php?rest_route=\/wp\/v2\/product\/643"}],"collection":[{"href":"https:\/\/www.capson.fr\/index.php?rest_route=\/wp\/v2\/product"}],"about":[{"href":"https:\/\/www.capson.fr\/index.php?rest_route=\/wp\/v2\/types\/product"}],"version-history":[{"count":1,"href":"https:\/\/www.capson.fr\/index.php?rest_route=\/wp\/v2\/product\/643\/revisions"}],"predecessor-version":[{"id":646,"href":"https:\/\/www.capson.fr\/index.php?rest_route=\/wp\/v2\/product\/643\/revisions\/646"}],"wp:featuredmedia":[{"embeddable":true,"href":"https:\/\/www.capson.fr\/index.php?rest_route=\/wp\/v2\/media\/645"}],"wp:attachment":[{"href":"https:\/\/www.capson.fr\/index.php?rest_route=%2Fwp%2Fv2%2Fmedia&parent=643"}],"wp:term":[{"taxonomy":"product_cat","embeddable":true,"href":"https:\/\/www.capson.fr\/index.php?rest_route=%2Fwp%2Fv2%2Fproduct_cat&post=643"},{"taxonomy":"product_tag","embeddable":true,"href":"https:\/\/www.capson.fr\/index.php?rest_route=%2Fwp%2Fv2%2Fproduct_tag&post=643"}],"curies":[{"name":"wp","href":"https:\/\/api.w.org\/{rel}","templated":true}]}}