{"id":616,"date":"2018-03-14T09:19:41","date_gmt":"2018-03-14T08:19:41","guid":{"rendered":"https:\/\/www.capson.fr\/?post_type=product&#038;p=616"},"modified":"2018-03-14T09:19:41","modified_gmt":"2018-03-14T08:19:41","slug":"mcdtsu","status":"publish","type":"product","link":"https:\/\/www.capson.fr\/?product=mcdtsu","title":{"rendered":"MCDTSU"},"content":{"rendered":"<p>Lecteur multim\u00e9dia MERLAUD, lecteur CD MP3, Lecteur de carte SD et lecteur de cl\u00e9 USB, r\u00e9cepteur tuner FM.<\/p>\n","protected":false},"excerpt":{"rendered":"<p>Lecteur multim\u00e9dia MERLAUD, lecteur CD MP3, Lecteur de carte SD et lecteur de cl\u00e9 USB, r\u00e9cepteur tuner FM.<\/p>\n","protected":false},"featured_media":618,"template":"","meta":{"ngg_post_thumbnail":0},"product_cat":[21],"product_tag":[],"_links":{"self":[{"href":"https:\/\/www.capson.fr\/index.php?rest_route=\/wp\/v2\/product\/616"}],"collection":[{"href":"https:\/\/www.capson.fr\/index.php?rest_route=\/wp\/v2\/product"}],"about":[{"href":"https:\/\/www.capson.fr\/index.php?rest_route=\/wp\/v2\/types\/product"}],"version-history":[{"count":1,"href":"https:\/\/www.capson.fr\/index.php?rest_route=\/wp\/v2\/product\/616\/revisions"}],"predecessor-version":[{"id":619,"href":"https:\/\/www.capson.fr\/index.php?rest_route=\/wp\/v2\/product\/616\/revisions\/619"}],"wp:featuredmedia":[{"embeddable":true,"href":"https:\/\/www.capson.fr\/index.php?rest_route=\/wp\/v2\/media\/618"}],"wp:attachment":[{"href":"https:\/\/www.capson.fr\/index.php?rest_route=%2Fwp%2Fv2%2Fmedia&parent=616"}],"wp:term":[{"taxonomy":"product_cat","embeddable":true,"href":"https:\/\/www.capson.fr\/index.php?rest_route=%2Fwp%2Fv2%2Fproduct_cat&post=616"},{"taxonomy":"product_tag","embeddable":true,"href":"https:\/\/www.capson.fr\/index.php?rest_route=%2Fwp%2Fv2%2Fproduct_tag&post=616"}],"curies":[{"name":"wp","href":"https:\/\/api.w.org\/{rel}","templated":true}]}}