{"id":575,"date":"2018-02-27T15:36:59","date_gmt":"2018-02-27T14:36:59","guid":{"rendered":"https:\/\/www.capson.fr\/?post_type=product&#038;p=575"},"modified":"2018-02-27T15:40:32","modified_gmt":"2018-02-27T14:40:32","slug":"blx1288w35m17","status":"publish","type":"product","link":"https:\/\/www.capson.fr\/?product=blx1288w35m17","title":{"rendered":"BLX1288W58M17"},"content":{"rendered":"<div class=\"DescriptionSerie\">\n<p>Les ensembles avec r\u00e9cepteur BLX4 ou BLX88 se caract\u00e9risent par leur facilit\u00e9 et rapidit\u00e9 de mise en \u0153uvre gr\u00e2ce \u00e0 leurs antennes int\u00e9gr\u00e9es. Les r\u00e9cepteurs rackables BLX4R avec leurs antennes d\u00e9tachables permettent l\u2019utilisation de d\u00e9ports d\u2019antennes et de distributeur d\u2019antennes et sont adapt\u00e9s \u00e0 l\u2019installation fixe \u00e9conomique.<br \/>\nQuel que soit l\u2019environnement, la fonction QuickScan trouvera la meilleure fr\u00e9quence possible assurant une transmission stable.<br \/>\nQuel que soit votre usage, parmi les 35 packs complets disponibles, vous trouverez s\u00fbrement celui qui vous convient et \u00e0 un prix attractif.<\/p>\n<\/div>\n<div class=\"DescriptionProduit\">\n<p>Syst\u00e8me complet mixte pour animateurs et conf\u00e9renciers.<br \/>\nCompos\u00e9 d&rsquo;un r\u00e9cepteur double BLX88E, d&rsquo;un \u00e9metteur main capsule SM58, d&rsquo;un \u00e9metteur ceinture BLX1 et d&rsquo;un micro cravate statique cardio\u00efde WL185.<\/p>\n<\/div>\n","protected":false},"excerpt":{"rendered":"<p>Syst\u00e8me complet mixte pour animateurs et conf\u00e9renciers.<br \/>\nCompos\u00e9 d&rsquo;un r\u00e9cepteur double BLX88E, d&rsquo;un \u00e9metteur main capsule SM58, d&rsquo;un \u00e9metteur ceinture BLX1 et d&rsquo;un micro cravate statique cardio\u00efde WL185.<\/p>\n","protected":false},"featured_media":580,"template":"","meta":{"ngg_post_thumbnail":0},"product_cat":[46],"product_tag":[],"_links":{"self":[{"href":"https:\/\/www.capson.fr\/index.php?rest_route=\/wp\/v2\/product\/575"}],"collection":[{"href":"https:\/\/www.capson.fr\/index.php?rest_route=\/wp\/v2\/product"}],"about":[{"href":"https:\/\/www.capson.fr\/index.php?rest_route=\/wp\/v2\/types\/product"}],"version-history":[{"count":3,"href":"https:\/\/www.capson.fr\/index.php?rest_route=\/wp\/v2\/product\/575\/revisions"}],"predecessor-version":[{"id":581,"href":"https:\/\/www.capson.fr\/index.php?rest_route=\/wp\/v2\/product\/575\/revisions\/581"}],"wp:featuredmedia":[{"embeddable":true,"href":"https:\/\/www.capson.fr\/index.php?rest_route=\/wp\/v2\/media\/580"}],"wp:attachment":[{"href":"https:\/\/www.capson.fr\/index.php?rest_route=%2Fwp%2Fv2%2Fmedia&parent=575"}],"wp:term":[{"taxonomy":"product_cat","embeddable":true,"href":"https:\/\/www.capson.fr\/index.php?rest_route=%2Fwp%2Fv2%2Fproduct_cat&post=575"},{"taxonomy":"product_tag","embeddable":true,"href":"https:\/\/www.capson.fr\/index.php?rest_route=%2Fwp%2Fv2%2Fproduct_tag&post=575"}],"curies":[{"name":"wp","href":"https:\/\/api.w.org\/{rel}","templated":true}]}}