{"id":563,"date":"2018-02-25T11:09:59","date_gmt":"2018-02-25T10:09:59","guid":{"rendered":"https:\/\/www.capson.fr\/?post_type=product&#038;p=563"},"modified":"2018-02-25T11:09:59","modified_gmt":"2018-02-25T10:09:59","slug":"sm58","status":"publish","type":"product","link":"https:\/\/www.capson.fr\/?product=sm58","title":{"rendered":"SM58"},"content":{"rendered":"<div class=\"DescriptionSerie\">\n<p>Microphone Dynamique cardio\u00efde, que ce soit pour les voix ou les instruments, sur sc\u00e8ne, en studio ou pour le broadcast, la gamme SM offre un choix extr\u00eamement large de microphones permettant de r\u00e9pondre \u00e0 toutes les applications.<\/p>\n<\/div>\n<div class=\"DescriptionProduit\">\n<p>Choix num\u00e9ro un des musiciens et des ing\u00e9nieurs du son sur les sc\u00e8nes du monde entier, le SM58 a acquis sa r\u00e9putation gr\u00e2ce \u00e0 sa silhouette reconnaissable entre toutes, sa robustesse et sa sonorit\u00e9 si caract\u00e9ristique. Recommand\u00e9 pour les voix lead et les ch\u0153urs, ce micro est plus qu&rsquo;une r\u00e9f\u00e9rence mondiale \u2013 c&rsquo;est une l\u00e9gende.<br \/>\nIl est livr\u00e9 avec pince micro, raccord multipas et pochette de transport.<\/p>\n<\/div>\n","protected":false},"excerpt":{"rendered":"<p><span style=\"display: inline !important; float: none; background-color: transparent; color: #333333; cursor: text; font-family: Georgia,'Times New Roman','Bitstream Charter',Times,serif; font-size: 16px; font-style: normal; font-variant: normal; font-weight: 400; letter-spacing: normal; orphans: 2; text-align: left; text-decoration: none; text-indent: 0px; text-transform: none; -webkit-text-stroke-width: 0px; white-space: normal; word-spacing: 0px;\">Microphone Dynamique cardio\u00efde<\/span><\/p>\n","protected":false},"featured_media":529,"template":"","meta":{"ngg_post_thumbnail":0},"product_cat":[45],"product_tag":[],"_links":{"self":[{"href":"https:\/\/www.capson.fr\/index.php?rest_route=\/wp\/v2\/product\/563"}],"collection":[{"href":"https:\/\/www.capson.fr\/index.php?rest_route=\/wp\/v2\/product"}],"about":[{"href":"https:\/\/www.capson.fr\/index.php?rest_route=\/wp\/v2\/types\/product"}],"version-history":[{"count":1,"href":"https:\/\/www.capson.fr\/index.php?rest_route=\/wp\/v2\/product\/563\/revisions"}],"predecessor-version":[{"id":566,"href":"https:\/\/www.capson.fr\/index.php?rest_route=\/wp\/v2\/product\/563\/revisions\/566"}],"wp:featuredmedia":[{"embeddable":true,"href":"https:\/\/www.capson.fr\/index.php?rest_route=\/wp\/v2\/media\/529"}],"wp:attachment":[{"href":"https:\/\/www.capson.fr\/index.php?rest_route=%2Fwp%2Fv2%2Fmedia&parent=563"}],"wp:term":[{"taxonomy":"product_cat","embeddable":true,"href":"https:\/\/www.capson.fr\/index.php?rest_route=%2Fwp%2Fv2%2Fproduct_cat&post=563"},{"taxonomy":"product_tag","embeddable":true,"href":"https:\/\/www.capson.fr\/index.php?rest_route=%2Fwp%2Fv2%2Fproduct_tag&post=563"}],"curies":[{"name":"wp","href":"https:\/\/api.w.org\/{rel}","templated":true}]}}