{"id":556,"date":"2018-02-25T10:57:05","date_gmt":"2018-02-25T09:57:05","guid":{"rendered":"https:\/\/www.capson.fr\/?post_type=product&#038;p=556"},"modified":"2018-02-25T11:02:14","modified_gmt":"2018-02-25T10:02:14","slug":"blx1288-sm35-m17","status":"publish","type":"product","link":"https:\/\/www.capson.fr\/?product=blx1288-sm35-m17","title":{"rendered":"BLX1288-SM35-M17"},"content":{"rendered":"<p>Syst\u00e8me complet mixte pour animateurs et chanteurs.<br \/>\nCompos\u00e9 d&rsquo;un r\u00e9cepteur double BLX88E, d&rsquo;un \u00e9metteur main capsule SM58, d&rsquo;un \u00e9metteur ceinture BLX1 et d&rsquo;un micro serre-t\u00eate statique cardio\u00efde SM35\u2011TQG.<\/p>\n<p>R\u00e9cepteur double rackable, permettant de r\u00e9pondre \u00e0 de multiples applications.<br \/>\nIls d\u00e9livrent une excellente qualit\u00e9 audio gr\u00e2ce \u00e0 une r\u00e9ponse en fr\u00e9quence proche de la version filaire et offrent jusqu\u2019\u00e0 12 fr\u00e9quences compatibles par bande. Les ensembles avec r\u00e9cepteur BLX88 se caract\u00e9risent par leur facilit\u00e9 et rapidit\u00e9 de mise en \u0153uvre gr\u00e2ce \u00e0 leurs antennes int\u00e9gr\u00e9es.<br \/>\nQuel que soit l\u2019environnement, la fonction QuickScan trouvera la meilleure fr\u00e9quence possible assurant une transmission stable.<\/p>\n","protected":false},"excerpt":{"rendered":"<p><span style=\"display: inline !important; float: none; background-color: transparent; color: #333333; cursor: text; font-family: Georgia,'Times New Roman','Bitstream Charter',Times,serif; font-size: 16px; font-style: normal; font-variant: normal; font-weight: 400; letter-spacing: normal; orphans: 2; text-align: left; text-decoration: none; text-indent: 0px; text-transform: none; -webkit-text-stroke-width: 0px; white-space: normal; word-spacing: 0px;\">Syst\u00e8me complet mixte pour animateurs et chanteurs.<\/span><br \/>\n<span style=\"display: inline !important; float: none; background-color: transparent; color: #333333; cursor: text; font-family: Georgia,'Times New Roman','Bitstream Charter',Times,serif; font-size: 16px; font-style: normal; font-variant: normal; font-weight: 400; letter-spacing: normal; orphans: 2; text-align: left; text-decoration: none; text-indent: 0px; text-transform: none; -webkit-text-stroke-width: 0px; white-space: normal; word-spacing: 0px;\">Compos\u00e9 d&rsquo;un r\u00e9cepteur double BLX88E, d&rsquo;un \u00e9metteur main capsule SM58, d&rsquo;un \u00e9metteur ceinture BLX1 et d&rsquo;un micro serre-t\u00eate statique cardio\u00efde SM35\u2011TQG.<\/span><\/p>\n","protected":false},"featured_media":553,"template":"","meta":{"ngg_post_thumbnail":0},"product_cat":[46],"product_tag":[],"_links":{"self":[{"href":"https:\/\/www.capson.fr\/index.php?rest_route=\/wp\/v2\/product\/556"}],"collection":[{"href":"https:\/\/www.capson.fr\/index.php?rest_route=\/wp\/v2\/product"}],"about":[{"href":"https:\/\/www.capson.fr\/index.php?rest_route=\/wp\/v2\/types\/product"}],"version-history":[{"count":1,"href":"https:\/\/www.capson.fr\/index.php?rest_route=\/wp\/v2\/product\/556\/revisions"}],"predecessor-version":[{"id":558,"href":"https:\/\/www.capson.fr\/index.php?rest_route=\/wp\/v2\/product\/556\/revisions\/558"}],"wp:featuredmedia":[{"embeddable":true,"href":"https:\/\/www.capson.fr\/index.php?rest_route=\/wp\/v2\/media\/553"}],"wp:attachment":[{"href":"https:\/\/www.capson.fr\/index.php?rest_route=%2Fwp%2Fv2%2Fmedia&parent=556"}],"wp:term":[{"taxonomy":"product_cat","embeddable":true,"href":"https:\/\/www.capson.fr\/index.php?rest_route=%2Fwp%2Fv2%2Fproduct_cat&post=556"},{"taxonomy":"product_tag","embeddable":true,"href":"https:\/\/www.capson.fr\/index.php?rest_route=%2Fwp%2Fv2%2Fproduct_tag&post=556"}],"curies":[{"name":"wp","href":"https:\/\/api.w.org\/{rel}","templated":true}]}}