{"id":383,"date":"2018-02-20T10:35:13","date_gmt":"2018-02-20T09:35:13","guid":{"rendered":"http:\/\/www.capson.fr\/?post_type=product&#038;p=383"},"modified":"2018-02-20T10:35:13","modified_gmt":"2018-02-20T09:35:13","slug":"rcs-5ft-en","status":"publish","type":"product","link":"https:\/\/www.capson.fr\/?product=rcs-5ft-en","title":{"rendered":"RCS 5FT\/EN"},"content":{"rendered":"<p>Le RCS5FT\/EN est un plafonnier&nbsp;blanc en m\u00e9tal pour une utilisation en int\u00e9rieur. Ce haut-parleur \u00e9l\u00e9gant et discret convient&nbsp;pour la diffusion de musique d&rsquo;ambiance.<br \/>\nPuissance :&nbsp;6 Watt&nbsp;\/ 100 Volt.<br \/>\nHaut-parleur conforme&nbsp;EN 54-24, pour les sonorisations de s\u00e9curit\u00e9 \u00ab\u00a0Voice Alarm\u00a0\u00bb.<\/p>\n","protected":false},"excerpt":{"rendered":"<p>Haut-parleur encastr\u00e9 en plafond 6W EN 54<\/p>\n","protected":false},"featured_media":382,"template":"","meta":{"ngg_post_thumbnail":0},"product_cat":[35],"product_tag":[],"_links":{"self":[{"href":"https:\/\/www.capson.fr\/index.php?rest_route=\/wp\/v2\/product\/383"}],"collection":[{"href":"https:\/\/www.capson.fr\/index.php?rest_route=\/wp\/v2\/product"}],"about":[{"href":"https:\/\/www.capson.fr\/index.php?rest_route=\/wp\/v2\/types\/product"}],"version-history":[{"count":0,"href":"https:\/\/www.capson.fr\/index.php?rest_route=\/wp\/v2\/product\/383\/revisions"}],"wp:featuredmedia":[{"embeddable":true,"href":"https:\/\/www.capson.fr\/index.php?rest_route=\/wp\/v2\/media\/382"}],"wp:attachment":[{"href":"https:\/\/www.capson.fr\/index.php?rest_route=%2Fwp%2Fv2%2Fmedia&parent=383"}],"wp:term":[{"taxonomy":"product_cat","embeddable":true,"href":"https:\/\/www.capson.fr\/index.php?rest_route=%2Fwp%2Fv2%2Fproduct_cat&post=383"},{"taxonomy":"product_tag","embeddable":true,"href":"https:\/\/www.capson.fr\/index.php?rest_route=%2Fwp%2Fv2%2Fproduct_tag&post=383"}],"curies":[{"name":"wp","href":"https:\/\/api.w.org\/{rel}","templated":true}]}}