{"id":15254,"date":"2020-06-17T09:37:54","date_gmt":"2020-06-17T07:37:54","guid":{"rendered":"https:\/\/www.capson.fr\/?post_type=product&#038;p=15254"},"modified":"2020-06-17T09:37:54","modified_gmt":"2020-06-17T07:37:54","slug":"projecteur-fresnel-scena-led-120-hqs-full-rgba-120-w-zoom-20-74","status":"publish","type":"product","link":"https:\/\/www.capson.fr\/?product=projecteur-fresnel-scena-led-120-hqs-full-rgba-120-w-zoom-20-74","title":{"rendered":"Projecteur Fresnel SCENA LED 120 HQS Full RGBA 120 W zoom 20 \/ 74 \u00b0"},"content":{"rendered":"<div id=\"short_description_content\" class=\"rte align_justify\">\n<p>Poussant toujours plus loin les limites de la technologie, DTS propose une version am\u00e9lior\u00e9e de ses <b>Fresnel LED<\/b> avec le SCENA LED 120 HQS. Ce sont des projecteurs compacts et puissants, dot\u00e9s d\u2019une <b>source LED Full RGBA sur-mesure<\/b>. La gestion de cette source permet au projecteur de b\u00e9n\u00e9ficier de la technologie HQS, offrant un rendu des blancs exceptionnels, et une parfaite reproduction des couleurs satur\u00e9es et des nuances pastel.<\/p>\n<\/div>\n","protected":false},"excerpt":{"rendered":"<p>Poussant toujours plus loin les limites de la technologie, DTS propose une version am\u00e9lior\u00e9e de ses Fresnel LED avec le SCENA LED 120 HQS. Ce sont des projecteurs compacts et puissants, dot\u00e9s d\u2019une source LED Full RGBA sur-mesure. La gestion de cette source permet au projecteur de b\u00e9n\u00e9ficier de la technologie HQS, offrant un rendu [&hellip;]<\/p>\n","protected":false},"featured_media":15255,"template":"","meta":{"ngg_post_thumbnail":0},"product_cat":[23],"product_tag":[],"_links":{"self":[{"href":"https:\/\/www.capson.fr\/index.php?rest_route=\/wp\/v2\/product\/15254"}],"collection":[{"href":"https:\/\/www.capson.fr\/index.php?rest_route=\/wp\/v2\/product"}],"about":[{"href":"https:\/\/www.capson.fr\/index.php?rest_route=\/wp\/v2\/types\/product"}],"version-history":[{"count":1,"href":"https:\/\/www.capson.fr\/index.php?rest_route=\/wp\/v2\/product\/15254\/revisions"}],"predecessor-version":[{"id":15257,"href":"https:\/\/www.capson.fr\/index.php?rest_route=\/wp\/v2\/product\/15254\/revisions\/15257"}],"wp:featuredmedia":[{"embeddable":true,"href":"https:\/\/www.capson.fr\/index.php?rest_route=\/wp\/v2\/media\/15255"}],"wp:attachment":[{"href":"https:\/\/www.capson.fr\/index.php?rest_route=%2Fwp%2Fv2%2Fmedia&parent=15254"}],"wp:term":[{"taxonomy":"product_cat","embeddable":true,"href":"https:\/\/www.capson.fr\/index.php?rest_route=%2Fwp%2Fv2%2Fproduct_cat&post=15254"},{"taxonomy":"product_tag","embeddable":true,"href":"https:\/\/www.capson.fr\/index.php?rest_route=%2Fwp%2Fv2%2Fproduct_tag&post=15254"}],"curies":[{"name":"wp","href":"https:\/\/api.w.org\/{rel}","templated":true}]}}